297
Calculate the remainder when 136823231 is divided by 17.
6
Calculate the remainder when 3900304 is divided by 2206.
96
Calculate the remainder when 1481840280 is divided by 4069.
4067
Calculate the remainder when 7338536 is divided by 159.
50
Calculate the remainder when 69377 is divided by 2989.
630
Calculate the remainder when 24177 is divided by 10668.
2841
What is the remainder when 21495124 is divided by 1506?
1492
What is the remainder when 3135367 is divided by 783832?
39
What is the remainder when 156940 is divided by 153589?
3351
What is the remainder when 1082325 is divided by 1341?
138
What is the remainder when 7252218 is divided by 725218?
38
Calculate the remainder when 39690 is divided by 1526.
14
What is the remainder when 654622 is divided by 1566?
34
What is the remainder when 137562 is divided by 26324?
5942
Calculate the remainder when 501095 is divided by 250539.
17
Calculate the remainder when 3265767 is divided by 7.
1
What is the remainder when 3459023 is divided by 1910?
13
What is the remainder when 28795589 is divided by 73646?
3
Calculate the remainder when 2229 is divided by 1376.
853
What is the remainder when 289296 is divided by 2333?
4
What is the remainder when 5228470 is divided by 406?
2
Calculate the remainder when 4545058 is divided by 1660.
1638
Calculate the remainder when 511176 is divided by 333.
21
What is the remainder when 24766 is divided by 11033?
2700
Calculate the remainder when 2029673 is divided by 1014483.
707
What is the remainder when 12611077 is divided by 370911?
103
What is the remainder when 249640 is divided by 8896?
552
What is the remainder when 2109143 is divided by 433?
0
What is the remainder when 2065377 is divided by 483?
69
Calculate the remainder when 2153778 is divided by 19579.
88
Calculate the remainder when 401056 is divided by 56.
40
What is the remainder when 1213335086 is divided by 632?
630
What is the remainder when 55253572 is divided by 81?
70
Calculate the remainder when 12762591 is divided by 32.
31
Calculate the remainder when 27971 is divided by 534.
203
Calculate the remainder when 36169 is divided by 34285.
1884
Calculate the remainder when 2878038 is divided by 613.
3
What is the remainder when 2473191 is divided by 2700?
2691
Calculate the remainder when 122168564 is divided by 383.
373
Calculate the remainder when 48091 is divided by 6870.
1
What is the remainder when 452339 is divided by 927?
890
What is the remainder when 64813605 is divided by 81?
78
Calculate the remainder when 1400715 is divided by 135.
90
What is the remainder when 101090 is divided by 49?
3
Calculate the remainder when 481502 is divided by 120369.
26
Calculate the remainder when 1428945899 is divided by 25.
24
What is the remainder when 1059482 is divided by 53?
12
Calculate the remainder when 4812059 is divided by 7313.
105
What is the remainder when 4329333 is divided by 1898?
1893
What is the remainder when 527670527 is divided by 4855?
4852
Calculate the remainder when 7069898 is divided by 77.
66
Calculate the remainder when 9850232 is divided by 4925114.
4
What is the remainder when 13629651 is divided by 4647?
0
What is the remainder when 22936 is divided by 3630?
1156
What is the remainder when 14053 is divided by 1943?
452
What is the remainder when 18940 is divided by 1865?
290
What is the remainder when 275774922 is divided by 78?
72
What is the remainder when 217537 is divided by 229?
216
Calculate the remainder when 16481141 is divided by 201.
146
What is the remainder when 3033375 is divided by 776?
767
Calculate the remainder when 749085 is divided by 42.
15
What is the remainder when 1067158 is divided by 266598?
766
What is the remainder when 37254 is divided by 2676?
2466
Calculate the remainder when 1161710 is divided by 44678.
82
What is the remainder when 6241737 is divided by 2080575?
12
Calculate the remainder when 153336 is divided by 30664.
16
Calculate the remainder when 296700 is divided by 910.
40
What is the remainder when 13667763 is divided by 42?
39
What is the remainder when 171504316 is divided by 31?
9
Calculate the remainder when 348768 is divided by 174375.
18
Calculate the remainder when 390363 is divided by 121.
17
What is the remainder when 19243 is divided by 194?
37
Calculate the remainder when 337956134 is divided by 29054.
6
Calculate the remainder when 645750 is divided by 8610.
0
Calculate the remainder when 198968 is divided by 538.
446
What is the remainder when 17127305 is divided by 21?
20
What is the remainder when 7171426 is divided by 4167?
19
What is the remainder when 661683821 is divided by 909?
905
What is the remainder when 405517611 is divided by 6?
3
Calculate the remainder when 955457 is divided by 6589.
52
What is the remainder when 19916 is divided by 1799?
127
Calculate the remainder when 2483341 is divided by 53.
26
Calculate the remainder when 18084 is divided by 134.
128
What is the remainder when 945550 is divided by 4635?
10
Calculate the remainder when 47221 is divided by 1254.
823
Calculate the remainder when 6450625 is divided by 134.
133
Calculate the remainder when 1681261 is divided by 456.
445
Calculate the remainder when 1288666 is divided by 185.
141
What is the remainder when 408790 is divided by 136218?
136
Calculate the remainder when 18326 is divided by 2560.
406
Calculate the remainder when 559406335 is divided by 16.
15
What is the remainder when 4168926 is divided by 12?
6
What is the remainder when 51080401 is divided by 255402?
1
Calculate the remainder when 5865655 is divided by 1159.
1115
Calculate the remainder when 108935 is divided by 314.
291
What is the remainder when 299087 is divided by 149434?
219
Calculate the remainder when 4259395 is divided by 425933.
65
Calculate the remainder when 139008 is divided by 822.
90
What is the remainder when 12581104 is divided by 8175?
7954
What is the remainder when 42487 is divided by 4688?
295
Calculate the remainder when 124040 is divided by 382.
272
What is the remainder when 18338581 is divided by 474?
469
Calculate the remainder when 134292 is divided by 3925.
842
Calculate the remainder when 966671 is divided by 23015.
41
Calculate the remainder when 22881 is divided by 39.
27
Calculate the remainder when 1222388 is divided by 764.
752
What is the remainder when 1142560 is divided by 370?
0
Calculate the remainder when 3321496 is divided by 2761.
13
What is the remainder when 14905695 is divided by 25393?
4
Calculate the remainder when 1940539 is divided by 49.
41
What is the remainder when 153562252 is divided by 55?
52
Calculate the remainder when 11796282 is divided by 5898125.
32
Calculate the remainder when 2254993 is divided by 1127483.
27
What is the remainder when 57689 is divided by 11167?
1854
Calculate the remainder when 1771637 is divided by 21872.
5
Calculate the remainder when 48053615 is divided by 636.
635
Calculate the remainder when 658689 is divided by 1689.
1668
Calculate the remainder when 136189 is divided by 27223.
74
What is the remainder when 1779953 is divided by 593302?
47
What is the remainder when 601135 is divided by 877?
390
What is the remainder when 126714 is divided by 8829?
3108
Calculate the remainder when 55509 is divided by 3963.
27
Calculate the remainder when 244462199 is divided by 25.
24
What is the remainder when 2057029 is divided by 189?
142
Calculate the remainder when 3163908 is divided by 507.
228
What is the remainder when 180673 is divided by 42544?
10497
What is the remainder when 35100 is divided by 11699?
3
Calculate the remainder when 60893 is divided by 59368.
1525
What is the remainder when 1185650 is divided by 3752?
18
What is the remainder when 808336 is divided by 1118?
22
What is the remainder when 43808561 is divided by 11?
5
What is the remainder when 37073111 is divided by 13?
10
Calculate the remainder when 264319 is divided by 35.
34
What is the remainder when 126211 is divided by 15745?
251
Calculate the remainder when 375459 is divided by 558.
483
Calculate the remainder when 34729 is divided by 8407.
1101
What is the remainder when 198277 is divided by 49547?
89
Calculate the remainder when 2940753 is divided by 52.
49
What is the remainder when 9589 is divided by 329?
